{"id":87,"date":"2012-11-24T09:00:29","date_gmt":"2012-11-24T07:00:29","guid":{"rendered":"http:\/\/www.ostsee-ferien-rerik.de\/?page_id=87"},"modified":"2016-07-10T18:30:17","modified_gmt":"2016-07-10T16:30:17","slug":"fotos-2","status":"publish","type":"page","link":"http:\/\/www.ostsee-ferien-rerik.de\/?page_id=87","title":{"rendered":"BILDER"},"content":{"rendered":"<h2 style=\"text-align: left;\"><span style=\"color: #333333;\">Ferienwohnung Nr. 4<\/span><\/h2>\n<p><a href=\"http:\/\/www.ostsee-ferien-rerik.de\/wp-content\/uploads\/DSCI0424.jpg\"><img decoding=\"async\" loading=\"lazy\" class=\"size-medium wp-image-466\" src=\"http:\/\/www.ostsee-ferien-rerik.de\/wp-content\/uploads\/DSCI0424-300x225.jpg\" alt=\"Blick zum Wohnbereich\" width=\"300\" height=\"225\" srcset=\"http:\/\/www.ostsee-ferien-rerik.de\/wp-content\/uploads\/DSCI0424-300x225.jpg 300w, http:\/\/www.ostsee-ferien-rerik.de\/wp-content\/uploads\/DSCI0424-1024x768.jpg 1024w\" sizes=\"(max-width: 300px) 100vw, 300px\" \/><\/a>\u00a0\u00a0 <a href=\"http:\/\/www.ostsee-ferien-rerik.de\/wp-content\/uploads\/DSCI0403.jpg\"><img decoding=\"async\" loading=\"lazy\" src=\"http:\/\/www.ostsee-ferien-rerik.de\/wp-content\/uploads\/DSCI0403-300x225.jpg\" alt=\"Zeit zum Lesen\" width=\"300\" height=\"225\" \/><\/a><br \/>\n<span style=\"color: #333333;\">Blick zum Wohnbereich\u00a0\u00a0\u00a0\u00a0\u00a0\u00a0\u00a0\u00a0\u00a0\u00a0\u00a0\u00a0\u00a0\u00a0\u00a0\u00a0\u00a0\u00a0\u00a0\u00a0\u00a0\u00a0\u00a0\u00a0\u00a0\u00a0\u00a0\u00a0\u00a0\u00a0\u00a0\u00a0\u00a0\u00a0\u00a0\u00a0\u00a0\u00a0\u00a0\u00a0\u00a0 Zeit zum Lesen<\/span><\/p>\n<p><a href=\"http:\/\/www.ostsee-ferien-rerik.de\/wp-content\/uploads\/DSCI0395.jpg\"><img decoding=\"async\" loading=\"lazy\" class=\"size-medium wp-image-461\" src=\"http:\/\/www.ostsee-ferien-rerik.de\/wp-content\/uploads\/DSCI0395-300x225.jpg\" alt=\"der gem\u00fctliche Wohnbereich\" width=\"300\" height=\"225\" srcset=\"http:\/\/www.ostsee-ferien-rerik.de\/wp-content\/uploads\/DSCI0395-300x225.jpg 300w, http:\/\/www.ostsee-ferien-rerik.de\/wp-content\/uploads\/DSCI0395-1024x768.jpg 1024w\" sizes=\"(max-width: 300px) 100vw, 300px\" \/><\/a><span style=\"color: #333333;\">\u00a0\u00a0\u00a0 <a href=\"http:\/\/www.ostsee-ferien-rerik.de\/wp-content\/uploads\/DSCI0404.jpg\"><img decoding=\"async\" loading=\"lazy\" class=\"size-medium wp-image-463\" src=\"http:\/\/www.ostsee-ferien-rerik.de\/wp-content\/uploads\/DSCI0404-300x225.jpg\" alt=\"der gem\u00fctliche Wohnbereich\" width=\"300\" height=\"225\" srcset=\"http:\/\/www.ostsee-ferien-rerik.de\/wp-content\/uploads\/DSCI0404-300x225.jpg 300w, http:\/\/www.ostsee-ferien-rerik.de\/wp-content\/uploads\/DSCI0404-1024x768.jpg 1024w\" sizes=\"(max-width: 300px) 100vw, 300px\" \/><\/a><\/span><span style=\"color: #333333;\"><br \/>\nder gem\u00fctliche Wohnbereich<\/span><\/p>\n<p><a href=\"http:\/\/www.ostsee-ferien-rerik.de\/?attachment_id=372\" rel=\"attachment wp-att-372\"><img decoding=\"async\" loading=\"lazy\" class=\"alignnone size-medium wp-image-372\" title=\"Schlafzimmer 1\" src=\"http:\/\/www.ostsee-ferien-rerik.de\/wp-content\/uploads\/a-Schlafzimmer-1-g-300x225.jpg\" alt=\"\" width=\"300\" height=\"225\" srcset=\"http:\/\/www.ostsee-ferien-rerik.de\/wp-content\/uploads\/a-Schlafzimmer-1-g-300x225.jpg 300w, http:\/\/www.ostsee-ferien-rerik.de\/wp-content\/uploads\/a-Schlafzimmer-1-g.jpg 640w\" sizes=\"(max-width: 300px) 100vw, 300px\" \/><\/a>\u00a0\u00a0\u00a0 \u00a0<a href=\"http:\/\/www.ostsee-ferien-rerik.de\/?attachment_id=371\" rel=\"attachment wp-att-371\"><img decoding=\"async\" loading=\"lazy\" class=\"alignnone size-medium wp-image-371\" title=\"Schlafzimmer 1 \" src=\"http:\/\/www.ostsee-ferien-rerik.de\/wp-content\/uploads\/a-Schlafzimmer-1-f-300x225.jpg\" alt=\"\" width=\"300\" height=\"225\" srcset=\"http:\/\/www.ostsee-ferien-rerik.de\/wp-content\/uploads\/a-Schlafzimmer-1-f-300x225.jpg 300w, http:\/\/www.ostsee-ferien-rerik.de\/wp-content\/uploads\/a-Schlafzimmer-1-f.jpg 640w\" sizes=\"(max-width: 300px) 100vw, 300px\" \/><\/a><span style=\"color: #333333;\">\u00a0\u00a0 <\/span><span style=\"color: #333333;\">Schlafzimmer 1<\/span><\/p>\n<p><span style=\"color: #333333;\"><a href=\"http:\/\/www.ostsee-ferien-rerik.de\/?attachment_id=377\" rel=\"attachment wp-att-377\"><img decoding=\"async\" loading=\"lazy\" class=\"alignnone size-medium wp-image-377\" title=\"Schlafzimmer 2 \" src=\"http:\/\/www.ostsee-ferien-rerik.de\/wp-content\/uploads\/Schlafzimmer-2-a-300x225.jpg\" alt=\"\" width=\"300\" height=\"225\" srcset=\"http:\/\/www.ostsee-ferien-rerik.de\/wp-content\/uploads\/Schlafzimmer-2-a-300x225.jpg 300w, http:\/\/www.ostsee-ferien-rerik.de\/wp-content\/uploads\/Schlafzimmer-2-a-1024x768.jpg 1024w\" sizes=\"(max-width: 300px) 100vw, 300px\" \/><\/a>\u00a0\u00a0 \u00a0 <a href=\"http:\/\/www.ostsee-ferien-rerik.de\/?attachment_id=376\" rel=\"attachment wp-att-376\"><img decoding=\"async\" loading=\"lazy\" class=\"alignnone size-medium wp-image-376\" title=\"Schlafzimmer 2 \" src=\"http:\/\/www.ostsee-ferien-rerik.de\/wp-content\/uploads\/aSchlafzimmer-2-b-300x225.jpg\" alt=\"\" width=\"300\" height=\"225\" srcset=\"http:\/\/www.ostsee-ferien-rerik.de\/wp-content\/uploads\/aSchlafzimmer-2-b-300x225.jpg 300w, http:\/\/www.ostsee-ferien-rerik.de\/wp-content\/uploads\/aSchlafzimmer-2-b-1024x768.jpg 1024w\" sizes=\"(max-width: 300px) 100vw, 300px\" \/><\/a><\/span><span style=\"color: #333333;\">Schlafzimmer 2<\/span><\/p>\n<p><a href=\"http:\/\/www.ostsee-ferien-rerik.de\/wp-content\/uploads\/DSCI0433.jpg\"><img decoding=\"async\" loading=\"lazy\" class=\"size-medium wp-image-467\" src=\"http:\/\/www.ostsee-ferien-rerik.de\/wp-content\/uploads\/DSCI0433-300x225.jpg\" alt=\"K\u00fcchenzeile\" width=\"300\" height=\"225\" srcset=\"http:\/\/www.ostsee-ferien-rerik.de\/wp-content\/uploads\/DSCI0433-300x225.jpg 300w, http:\/\/www.ostsee-ferien-rerik.de\/wp-content\/uploads\/DSCI0433-1024x768.jpg 1024w\" sizes=\"(max-width: 300px) 100vw, 300px\" \/><\/a>\u00a0\u00a0 <a href=\"http:\/\/www.ostsee-ferien-rerik.de\/wp-content\/uploads\/DSCI0420.jpg\"><img decoding=\"async\" loading=\"lazy\" class=\"size-medium wp-image-465\" src=\"http:\/\/www.ostsee-ferien-rerik.de\/wp-content\/uploads\/DSCI0420-300x225.jpg\" alt=\"Blick zum Essbereich\" width=\"300\" height=\"225\" srcset=\"http:\/\/www.ostsee-ferien-rerik.de\/wp-content\/uploads\/DSCI0420-300x225.jpg 300w, http:\/\/www.ostsee-ferien-rerik.de\/wp-content\/uploads\/DSCI0420-1024x768.jpg 1024w\" sizes=\"(max-width: 300px) 100vw, 300px\" \/><\/a><br \/>\nK\u00fcchenzeile\u00a0\u00a0\u00a0\u00a0\u00a0\u00a0\u00a0\u00a0\u00a0\u00a0\u00a0\u00a0\u00a0\u00a0\u00a0\u00a0\u00a0\u00a0\u00a0\u00a0\u00a0\u00a0\u00a0\u00a0\u00a0\u00a0\u00a0\u00a0\u00a0\u00a0\u00a0\u00a0\u00a0\u00a0\u00a0\u00a0\u00a0\u00a0\u00a0\u00a0\u00a0\u00a0\u00a0\u00a0\u00a0\u00a0\u00a0\u00a0\u00a0\u00a0\u00a0\u00a0\u00a0\u00a0\u00a0\u00a0\u00a0\u00a0\u00a0\u00a0\u00a0\u00a0\u00a0 Blick zum Essbereich<\/p>\n<p><a href=\"http:\/\/www.ostsee-ferien-rerik.de\/wp-content\/uploads\/DSCI0414.jpg\"><img decoding=\"async\" loading=\"lazy\" class=\" wp-image-464\" src=\"http:\/\/www.ostsee-ferien-rerik.de\/wp-content\/uploads\/DSCI0414-300x225.jpg\" alt=\"Essbereich mit Blick zur K\u00fcche\" width=\"300\" height=\"225\" srcset=\"http:\/\/www.ostsee-ferien-rerik.de\/wp-content\/uploads\/DSCI0414-300x225.jpg 300w, http:\/\/www.ostsee-ferien-rerik.de\/wp-content\/uploads\/DSCI0414-1024x768.jpg 1024w\" sizes=\"(max-width: 300px) 100vw, 300px\" \/><\/a><br \/>\nEssbereich mit Blick zur K\u00fcche<\/p>\n<p><a href=\"http:\/\/www.ostsee-ferien-rerik.de\/?attachment_id=368\" rel=\"attachment wp-att-368\"><img decoding=\"async\" loading=\"lazy\" class=\"alignnone size-medium wp-image-368\" title=\"Badezimmer\" src=\"http:\/\/www.ostsee-ferien-rerik.de\/wp-content\/uploads\/a-Bad-1-300x225.jpg\" alt=\"\" width=\"300\" height=\"225\" srcset=\"http:\/\/www.ostsee-ferien-rerik.de\/wp-content\/uploads\/a-Bad-1-300x225.jpg 300w, http:\/\/www.ostsee-ferien-rerik.de\/wp-content\/uploads\/a-Bad-1-1024x768.jpg 1024w\" sizes=\"(max-width: 300px) 100vw, 300px\" \/><\/a>\u00a0\u00a0 \u00a0\u00a0<a href=\"http:\/\/www.ostsee-ferien-rerik.de\/?attachment_id=384\" rel=\"attachment wp-att-384\"><img decoding=\"async\" loading=\"lazy\" class=\"alignnone size-medium wp-image-384\" title=\"Bad 4\" src=\"http:\/\/www.ostsee-ferien-rerik.de\/wp-content\/uploads\/Bad-4-300x225.jpg\" alt=\"\" width=\"300\" height=\"225\" srcset=\"http:\/\/www.ostsee-ferien-rerik.de\/wp-content\/uploads\/Bad-4-300x225.jpg 300w, http:\/\/www.ostsee-ferien-rerik.de\/wp-content\/uploads\/Bad-4-1024x768.jpg 1024w\" sizes=\"(max-width: 300px) 100vw, 300px\" \/><\/a><span style=\"color: #333333;\">Badezimmer<\/span><\/p>\n<p><a href=\"http:\/\/www.ostsee-ferien-rerik.de\/wp-content\/uploads\/Garten-mit-Strandkorb.jpg\"><img decoding=\"async\" loading=\"lazy\" class=\"size-medium wp-image-508 alignleft\" src=\"http:\/\/www.ostsee-ferien-rerik.de\/wp-content\/uploads\/Garten-mit-Strandkorb-300x168.jpg\" alt=\"Garten mit Strandkorb\" width=\"300\" height=\"168\" srcset=\"http:\/\/www.ostsee-ferien-rerik.de\/wp-content\/uploads\/Garten-mit-Strandkorb-300x168.jpg 300w, http:\/\/www.ostsee-ferien-rerik.de\/wp-content\/uploads\/Garten-mit-Strandkorb-1024x576.jpg 1024w, http:\/\/www.ostsee-ferien-rerik.de\/wp-content\/uploads\/Garten-mit-Strandkorb.jpg 1536w\" sizes=\"(max-width: 300px) 100vw, 300px\" \/><\/a><a href=\"http:\/\/www.ostsee-ferien-rerik.de\/wp-content\/uploads\/Garten.jpg\"><img decoding=\"async\" loading=\"lazy\" class=\"size-medium wp-image-509 alignnone\" src=\"http:\/\/www.ostsee-ferien-rerik.de\/wp-content\/uploads\/Garten-300x168.jpg\" alt=\"Garten\" width=\"300\" height=\"168\" srcset=\"http:\/\/www.ostsee-ferien-rerik.de\/wp-content\/uploads\/Garten-300x168.jpg 300w, http:\/\/www.ostsee-ferien-rerik.de\/wp-content\/uploads\/Garten-1024x576.jpg 1024w, http:\/\/www.ostsee-ferien-rerik.de\/wp-content\/uploads\/Garten.jpg 1536w\" sizes=\"(max-width: 300px) 100vw, 300px\" \/><\/a><span style=\"color: #333333;\"><br \/>\n<\/span><\/p>\n<p><span style=\"color: #333333;\">&#8230;\u00a0 der kleinen Garten mit der sch\u00f6nen Sonnenterrasse im Herbst.<\/span><span style=\"color: #333333;\"><br \/>\n<\/span><\/p>\n<p><a href=\"http:\/\/www.ostsee-ferien-rerik.de\/wp-content\/uploads\/Sauna-ppt-e1424196507388.jpg\"><img decoding=\"async\" loading=\"lazy\" class=\"alignright size-large wp-image-510\" src=\"http:\/\/www.ostsee-ferien-rerik.de\/wp-content\/uploads\/Sauna-ppt-e1424196507388-1024x576.jpg\" alt=\"Sauna\" width=\"640\" height=\"360\" srcset=\"http:\/\/www.ostsee-ferien-rerik.de\/wp-content\/uploads\/Sauna-ppt-e1424196507388-1024x576.jpg 1024w, http:\/\/www.ostsee-ferien-rerik.de\/wp-content\/uploads\/Sauna-ppt-e1424196507388-300x168.jpg 300w, http:\/\/www.ostsee-ferien-rerik.de\/wp-content\/uploads\/Sauna-ppt-e1424196507388.jpg 1280w\" sizes=\"(max-width: 640px) 100vw, 640px\" \/><\/a><\/p>\n<p>Impressionen aus der Gemeinschaftssauna im Obergeschoss des Hauses<\/p>\n<h2><span style=\"color: #333333;\"><strong>RERIK UND UMGEBUNG<\/strong><\/span><\/h2>\n<p><strong><span style=\"color: #000000;\"><a href=\"http:\/\/www.ostsee-ferien-rerik.de\/?attachment_id=215\" rel=\"attachment wp-att-215\"><img decoding=\"async\" loading=\"lazy\" class=\"alignnone size-medium wp-image-215\" title=\"K\u00fcstenw\u00e4ldchen\" src=\"http:\/\/www.ostsee-ferien-rerik.de\/wp-content\/uploads\/K\u00fcstenw\u00e4ldchen-300x225.jpg\" alt=\"\" width=\"300\" height=\"225\" srcset=\"http:\/\/www.ostsee-ferien-rerik.de\/wp-content\/uploads\/K\u00fcstenw\u00e4ldchen-300x225.jpg 300w, http:\/\/www.ostsee-ferien-rerik.de\/wp-content\/uploads\/K\u00fcstenw\u00e4ldchen-1024x768.jpg 1024w\" sizes=\"(max-width: 300px) 100vw, 300px\" \/><\/a>\u00a0 <a href=\"http:\/\/www.ostsee-ferien-rerik.de\/?attachment_id=222\" rel=\"attachment wp-att-222\"><img decoding=\"async\" loading=\"lazy\" class=\"alignnone size-medium wp-image-222\" title=\"Strand von Rerik im Herbst\" src=\"http:\/\/www.ostsee-ferien-rerik.de\/wp-content\/uploads\/Strand-von-Rerik-im-Herbst-300x225.jpg\" alt=\"\" width=\"300\" height=\"225\" srcset=\"http:\/\/www.ostsee-ferien-rerik.de\/wp-content\/uploads\/Strand-von-Rerik-im-Herbst-300x225.jpg 300w, http:\/\/www.ostsee-ferien-rerik.de\/wp-content\/uploads\/Strand-von-Rerik-im-Herbst-1024x768.jpg 1024w\" sizes=\"(max-width: 300px) 100vw, 300px\" \/><\/a><br \/>\n<\/span><\/strong><span style=\"color: #000000;\"><span style=\"color: #333333;\">Wenige Schritte durch das K\u00fcstenw\u00e4ldchen zum Ostseestrand.\u00a0D<\/span><span style=\"color: #333333;\">er Strand von Rerik im Herbst.<\/span><\/span><\/p>\n<p><span style=\"color: #000000;\"><span style=\"color: #333333;\"><a href=\"http:\/\/www.ostsee-ferien-rerik.de\/?attachment_id=415\" rel=\"attachment wp-att-415\"><img decoding=\"async\" loading=\"lazy\" class=\"alignnone size-medium wp-image-415\" title=\"20130406_174706\" src=\"http:\/\/www.ostsee-ferien-rerik.de\/wp-content\/uploads\/20130406_174706-225x300.jpg\" alt=\"\" width=\"225\" height=\"300\" srcset=\"http:\/\/www.ostsee-ferien-rerik.de\/wp-content\/uploads\/20130406_174706-225x300.jpg 225w, http:\/\/www.ostsee-ferien-rerik.de\/wp-content\/uploads\/20130406_174706-768x1024.jpg 768w\" sizes=\"(max-width: 225px) 100vw, 225px\" \/><\/a><\/span><\/span><span style=\"color: #000000;\"><span style=\"color: #333333;\"><br \/>\nSonnenuntergangsblick von der Steilk\u00fcste<\/span><\/span><\/p>\n<p><span style=\"color: #333333;\"><a href=\"http:\/\/www.ostsee-ferien-rerik.de\/?attachment_id=212\" rel=\"attachment wp-att-212\"><span style=\"color: #333333;\"><img decoding=\"async\" loading=\"lazy\" class=\"alignnone size-medium wp-image-212\" title=\"Haffplatz\" src=\"http:\/\/www.ostsee-ferien-rerik.de\/wp-content\/uploads\/Haffplatz-300x225.jpg\" alt=\"\" width=\"300\" height=\"225\" srcset=\"http:\/\/www.ostsee-ferien-rerik.de\/wp-content\/uploads\/Haffplatz-300x225.jpg 300w, http:\/\/www.ostsee-ferien-rerik.de\/wp-content\/uploads\/Haffplatz-1024x768.jpg 1024w\" sizes=\"(max-width: 300px) 100vw, 300px\" \/><\/span><\/a><\/span><span style=\"color: #333333;\"><br \/>\nDer Haffplatz l\u00e4dt zum Schlendern ein.<\/span><\/p>\n<p><span style=\"color: #333333;\">\u00a0<a href=\"http:\/\/www.ostsee-ferien-rerik.de\/?attachment_id=214\" rel=\"attachment wp-att-214\"><span style=\"color: #333333;\"><img decoding=\"async\" loading=\"lazy\" class=\"alignnone size-medium wp-image-214\" title=\"Kirche\" src=\"http:\/\/www.ostsee-ferien-rerik.de\/wp-content\/uploads\/Kirche-225x300.jpg\" alt=\"\" width=\"225\" height=\"300\" srcset=\"http:\/\/www.ostsee-ferien-rerik.de\/wp-content\/uploads\/Kirche-225x300.jpg 225w, http:\/\/www.ostsee-ferien-rerik.de\/wp-content\/uploads\/Kirche-768x1024.jpg 768w\" sizes=\"(max-width: 225px) 100vw, 225px\" \/><\/span><\/a><br \/>\n<\/span><span style=\"color: #333333;\">Kirche von Rerik<\/span><\/p>\n<p><span style=\"color: #333333;\">\u00a0 <a href=\"http:\/\/www.ostsee-ferien-rerik.de\/?attachment_id=211\" rel=\"attachment wp-att-211\"><img decoding=\"async\" loading=\"lazy\" class=\"alignnone size-medium wp-image-211\" title=\"Fischereianleger\" src=\"http:\/\/www.ostsee-ferien-rerik.de\/wp-content\/uploads\/Fischereianleger1-300x225.jpg\" alt=\"\" width=\"300\" height=\"225\" srcset=\"http:\/\/www.ostsee-ferien-rerik.de\/wp-content\/uploads\/Fischereianleger1-300x225.jpg 300w, http:\/\/www.ostsee-ferien-rerik.de\/wp-content\/uploads\/Fischereianleger1-1024x768.jpg 1024w\" sizes=\"(max-width: 300px) 100vw, 300px\" \/><\/a>\u00a0<a href=\"http:\/\/www.ostsee-ferien-rerik.de\/?attachment_id=209\" rel=\"attachment wp-att-209\"><img decoding=\"async\" loading=\"lazy\" class=\"alignnone size-medium wp-image-209\" title=\"Yachthafen\" src=\"http:\/\/www.ostsee-ferien-rerik.de\/wp-content\/uploads\/Yachthafen-300x225.jpg\" alt=\"\" width=\"300\" height=\"225\" srcset=\"http:\/\/www.ostsee-ferien-rerik.de\/wp-content\/uploads\/Yachthafen-300x225.jpg 300w, http:\/\/www.ostsee-ferien-rerik.de\/wp-content\/uploads\/Yachthafen-1024x768.jpg 1024w\" sizes=\"(max-width: 300px) 100vw, 300px\" \/><\/a><br \/>\nFischereianleger\u00a0\u00a0\u00a0\u00a0\u00a0\u00a0\u00a0\u00a0\u00a0\u00a0\u00a0\u00a0\u00a0\u00a0\u00a0\u00a0\u00a0\u00a0\u00a0\u00a0\u00a0\u00a0\u00a0\u00a0\u00a0\u00a0\u00a0\u00a0\u00a0\u00a0\u00a0\u00a0\u00a0\u00a0\u00a0\u00a0\u00a0\u00a0\u00a0\u00a0\u00a0\u00a0\u00a0\u00a0\u00a0\u00a0\u00a0\u00a0\u00a0\u00a0\u00a0\u00a0\u00a0Yachthafen<\/span><\/p>\n<p><span style=\"color: #333333;\"><a href=\"http:\/\/www.ostsee-ferien-rerik.de\/?attachment_id=220\" rel=\"attachment wp-att-220\"><img decoding=\"async\" loading=\"lazy\" class=\"alignnone size-thumbnail wp-image-220\" title=\"Sandburg\" src=\"http:\/\/www.ostsee-ferien-rerik.de\/wp-content\/uploads\/Sandburg-150x150.jpg\" alt=\"\" width=\"150\" height=\"150\" \/><\/a><a href=\"http:\/\/www.ostsee-ferien-rerik.de\/?attachment_id=219\" rel=\"attachment wp-att-219\"><img decoding=\"async\" loading=\"lazy\" class=\"alignnone size-thumbnail wp-image-219\" title=\"Salzhaff\" src=\"http:\/\/www.ostsee-ferien-rerik.de\/wp-content\/uploads\/Salzhaff-150x150.jpg\" alt=\"\" width=\"150\" height=\"150\" \/><\/a><a href=\"http:\/\/www.ostsee-ferien-rerik.de\/?attachment_id=218\" rel=\"attachment wp-att-218\"><img decoding=\"async\" loading=\"lazy\" class=\"alignnone size-thumbnail wp-image-218\" title=\"Neptun l\u00e4sst Gr\u00fc\u00dfen\" src=\"http:\/\/www.ostsee-ferien-rerik.de\/wp-content\/uploads\/Neptun-l\u00e4sst-Gr\u00fc\u00dfen-150x150.jpg\" alt=\"\" width=\"150\" height=\"150\" \/><\/a><a href=\"http:\/\/www.ostsee-ferien-rerik.de\/?attachment_id=216\" rel=\"attachment wp-att-216\"><img decoding=\"async\" loading=\"lazy\" class=\"alignnone size-thumbnail wp-image-216\" title=\"Meerjungfrau\" src=\"http:\/\/www.ostsee-ferien-rerik.de\/wp-content\/uploads\/Meerjungfrau-150x150.jpg\" alt=\"\" width=\"150\" height=\"150\" \/><\/a><\/span><span style=\"color: #333333;\">Sandburg, Salzhaff, Neptun und\u00a0Meerjungfrau lassen Gr\u00fc\u00dfen.<\/span><\/p>\n<p><span style=\"color: #333333;\"><a href=\"http:\/\/www.ostsee-ferien-rerik.de\/?attachment_id=225\" rel=\"attachment wp-att-225\"><img decoding=\"async\" loading=\"lazy\" class=\"alignnone size-medium wp-image-225\" title=\"Wander- und Fahrradweg\" src=\"http:\/\/www.ostsee-ferien-rerik.de\/wp-content\/uploads\/Wander-und-Fahrradweg-225x300.jpg\" alt=\"\" width=\"225\" height=\"300\" srcset=\"http:\/\/www.ostsee-ferien-rerik.de\/wp-content\/uploads\/Wander-und-Fahrradweg-225x300.jpg 225w, http:\/\/www.ostsee-ferien-rerik.de\/wp-content\/uploads\/Wander-und-Fahrradweg-768x1024.jpg 768w\" sizes=\"(max-width: 225px) 100vw, 225px\" \/><\/a>\u00a0<a href=\"http:\/\/www.ostsee-ferien-rerik.de\/?attachment_id=217\" rel=\"attachment wp-att-217\"><img decoding=\"async\" loading=\"lazy\" class=\"alignnone size-medium wp-image-217\" title=\"Molli in Bad Doberan\" src=\"http:\/\/www.ostsee-ferien-rerik.de\/wp-content\/uploads\/Molli-in-Bad-Doberan-300x225.jpg\" alt=\"\" width=\"300\" height=\"225\" srcset=\"http:\/\/www.ostsee-ferien-rerik.de\/wp-content\/uploads\/Molli-in-Bad-Doberan-300x225.jpg 300w, http:\/\/www.ostsee-ferien-rerik.de\/wp-content\/uploads\/Molli-in-Bad-Doberan-1024x768.jpg 1024w\" sizes=\"(max-width: 300px) 100vw, 300px\" \/><\/a><br \/>\nFahrrad- und Wanderwege\u00a0\u00a0\u00a0\u00a0\u00a0\u00a0\u00a0\u00a0\u00a0\u00a0\u00a0\u00a0\u00a0\u00a0 &#8222;Molli &#8222;in Bad Doberan<\/span><\/p>\n<p><span style=\"color: #333333;\">\u00a0<\/span><\/p>\n","protected":false},"excerpt":{"rendered":"<p>Ferienwohnung Nr. 4 \u00a0\u00a0 Blick zum Wohnbereich\u00a0\u00a0\u00a0\u00a0\u00a0\u00a0\u00a0\u00a0\u00a0\u00a0\u00a0\u00a0\u00a0\u00a0\u00a0\u00a0\u00a0\u00a0\u00a0\u00a0\u00a0\u00a0\u00a0\u00a0\u00a0\u00a0\u00a0\u00a0\u00a0\u00a0\u00a0\u00a0\u00a0\u00a0\u00a0\u00a0\u00a0\u00a0\u00a0\u00a0\u00a0 Zeit zum Lesen \u00a0\u00a0\u00a0 der gem\u00fctliche Wohnbereich \u00a0\u00a0\u00a0 \u00a0\u00a0\u00a0 Schlafzimmer 1 \u00a0\u00a0 \u00a0 Schlafzimmer 2 \u00a0\u00a0 K\u00fcchenzeile\u00a0\u00a0\u00a0\u00a0\u00a0\u00a0\u00a0\u00a0\u00a0\u00a0\u00a0\u00a0\u00a0\u00a0\u00a0\u00a0\u00a0\u00a0\u00a0\u00a0\u00a0\u00a0\u00a0\u00a0\u00a0\u00a0\u00a0\u00a0\u00a0\u00a0\u00a0\u00a0\u00a0\u00a0\u00a0\u00a0\u00a0\u00a0\u00a0\u00a0\u00a0\u00a0\u00a0\u00a0\u00a0\u00a0\u00a0\u00a0\u00a0\u00a0\u00a0\u00a0\u00a0\u00a0\u00a0\u00a0\u00a0\u00a0\u00a0\u00a0\u00a0\u00a0\u00a0 Blick zum Essbereich Essbereich mit Blick zur K\u00fcche \u00a0\u00a0 \u00a0\u00a0Badezimmer &#8230;\u00a0 der kleinen Garten mit der sch\u00f6nen Sonnenterrasse im Herbst. Impressionen aus der Gemeinschaftssauna im Obergeschoss des Hauses RERIK UND UMGEBUNG [&hellip;]<\/p>\n","protected":false},"author":1,"featured_media":0,"parent":0,"menu_order":0,"comment_status":"closed","ping_status":"closed","template":"onecolumn-page.php","meta":{"footnotes":""},"_links":{"self":[{"href":"http:\/\/www.ostsee-ferien-rerik.de\/index.php?rest_route=\/wp\/v2\/pages\/87"}],"collection":[{"href":"http:\/\/www.ostsee-ferien-rerik.de\/index.php?rest_route=\/wp\/v2\/pages"}],"about":[{"href":"http:\/\/www.ostsee-ferien-rerik.de\/index.php?rest_route=\/wp\/v2\/types\/page"}],"author":[{"embeddable":true,"href":"http:\/\/www.ostsee-ferien-rerik.de\/index.php?rest_route=\/wp\/v2\/users\/1"}],"replies":[{"embeddable":true,"href":"http:\/\/www.ostsee-ferien-rerik.de\/index.php?rest_route=%2Fwp%2Fv2%2Fcomments&post=87"}],"version-history":[{"count":81,"href":"http:\/\/www.ostsee-ferien-rerik.de\/index.php?rest_route=\/wp\/v2\/pages\/87\/revisions"}],"predecessor-version":[{"id":558,"href":"http:\/\/www.ostsee-ferien-rerik.de\/index.php?rest_route=\/wp\/v2\/pages\/87\/revisions\/558"}],"wp:attachment":[{"href":"http:\/\/www.ostsee-ferien-rerik.de\/index.php?rest_route=%2Fwp%2Fv2%2Fmedia&parent=87"}],"curies":[{"name":"wp","href":"https:\/\/api.w.org\/{rel}","templated":true}]}}