{"id":59,"date":"2012-09-27T10:18:11","date_gmt":"2012-09-27T08:18:11","guid":{"rendered":"http:\/\/www.ostsee-ferien-rerik.de\/?page_id=59"},"modified":"2016-07-10T17:53:58","modified_gmt":"2016-07-10T15:53:58","slug":"rerik-2","status":"publish","type":"page","link":"http:\/\/www.ostsee-ferien-rerik.de\/?page_id=59","title":{"rendered":"OSTSEEBAD RERIK"},"content":{"rendered":"<h2><span style=\"color: #000000;\"><strong>\u00a0<\/strong><\/span><\/h2>\n<p><span style=\"color: #000000;\"><a href=\"http:\/\/www.ostsee-ferien-rerik.de\/?attachment_id=214\" rel=\"attachment wp-att-214\"><img decoding=\"async\" loading=\"lazy\" class=\"alignnone size-medium wp-image-214\" title=\"Kirche\" src=\"http:\/\/www.ostsee-ferien-rerik.de\/wp-content\/uploads\/Kirche-225x300.jpg\" alt=\"\" width=\"225\" height=\"300\" srcset=\"http:\/\/www.ostsee-ferien-rerik.de\/wp-content\/uploads\/Kirche-225x300.jpg 225w, http:\/\/www.ostsee-ferien-rerik.de\/wp-content\/uploads\/Kirche-768x1024.jpg 768w\" sizes=\"(max-width: 225px) 100vw, 225px\" \/><\/a>\u00a0\u00a0\u00a0\u00a0\u00a0 <span style=\"color: #000000;\"><a href=\"http:\/\/www.ostsee-ferien-rerik.de\/?attachment_id=209\" rel=\"attachment wp-att-209\"><img decoding=\"async\" loading=\"lazy\" class=\"alignnone size-medium wp-image-209\" title=\"Yachthafen\" src=\"http:\/\/www.ostsee-ferien-rerik.de\/wp-content\/uploads\/Yachthafen-300x225.jpg\" alt=\"\" width=\"300\" height=\"225\" srcset=\"http:\/\/www.ostsee-ferien-rerik.de\/wp-content\/uploads\/Yachthafen-300x225.jpg 300w, http:\/\/www.ostsee-ferien-rerik.de\/wp-content\/uploads\/Yachthafen-1024x768.jpg 1024w\" sizes=\"(max-width: 300px) 100vw, 300px\" \/><\/a><\/span><\/span><span style=\"color: #000000;\"><br \/>\n<span style=\"color: #333333;\">Steinkirche aus dem 13. Jhd.\u00a0\u00a0\u00a0\u00a0\u00a0\u00a0\u00a0\u00a0\u00a0\u00a0\u00a0\u00a0\u00a0 \u00a0\u00a0\u00a0Yachthafen am Salzhaff<\/span><\/span><\/p>\n<p><span style=\"color: #333333;\">Rerik ist ein Ort mit d\u00f6rflichen Strukturen,\u00a0der sich seinen einzigartigen Reiz erhalten hat. Die besondere Lage zwischen <\/span><span style=\"color: #333333;\"><strong>Ostsee und Salzhaff<\/strong>, ums\u00e4umt von der <strong>wildromatischen Steilk\u00fcste<\/strong> und Salzwiesen, eingebettet in eiszeitliche H\u00fcgelketten, bietet <strong>reichlich Abwechslung<\/strong>. Erleben Sie Ihren Urlaub in einer <strong>intakten Natur<\/strong>, beim <strong>Baden<\/strong> (Textil,- und FKK-Str\u00e4nde), beim <strong>Sport<\/strong>, bei <strong>Kunst<\/strong> und <strong>Kultur<\/strong> oder bei ausgedehnten <strong>Spazierg\u00e4ngen<\/strong> durch den <strong>K\u00fcstenwald<\/strong> entlang der <strong>Steilk\u00fcste<\/strong>. Rauschende <strong>Ostseebrandung<\/strong> und ruhiges Wasser im Haff. Sie finden hier ideale Bedingungen zum <strong>Segeln<\/strong>, <strong>Surfen<\/strong> und <strong>Angeln<\/strong>. Rund um Rerik erstreckt sich ein breites Netz von <strong>Wander- und Radwegen<\/strong>. Von Rostock nach Wismar f\u00fchrt der <strong>Ostsee-Radweg<\/strong> direkt durch Rerik. Au\u00dferdem l\u00e4dt die N\u00e4he zum Ostseebad K\u00fchlungsborn (10 km), Bad Doberan (23km), zur Insel Poel (28km), zum \u00e4ltesten Seebad Heiligendamm (20km) und zu den Hansest\u00e4dten Wismar (30 km) und Rostock (35 km) zu <strong>abwechslungsreichen Touren<\/strong> ein. Hier finden Sie eine Vielzahl an <strong>attraktiven Ausflugzielen<\/strong> und <strong>Sehensw\u00fcrdigkeiten<\/strong>.<\/span><\/p>\n<p><span style=\"color: #333333;\"><a href=\"http:\/\/www.ostsee-ferien-rerik.de\/?attachment_id=221\" rel=\"attachment wp-att-221\"><span style=\"color: #333333;\"><img decoding=\"async\" loading=\"lazy\" class=\"alignnone wp-image-221\" title=\"Spielplatz\" src=\"http:\/\/www.ostsee-ferien-rerik.de\/wp-content\/uploads\/Spielplatz-1024x768.jpg\" alt=\"\" width=\"320\" height=\"286\" \/><\/span><\/a><br \/>\nSpielplatz am Salzhaff<\/span><\/p>\n<h3><span style=\"color: #333333;\"><strong>ZIELE IN RERIK<\/strong><\/span><\/h3>\n<ul>\n<li><span style=\"color: #333333;\">Ostsee, Badestrand (auch FKK- und Hundestrand)<\/span><\/li>\n<li><span style=\"color: #333333;\">Seebr\u00fccke, Angeln, Dampferfahrten<\/span><\/li>\n<li><span style=\"color: #333333;\">Salzhaff, Hafenpromenade<\/span><\/li>\n<li><span style=\"color: #333333;\">Bootsverleih, Segeln, Surfen<\/span><\/li>\n<li><span style=\"color: #333333;\">Spiel- und Bolzpl\u00e4tze<\/span><\/li>\n<li><span style=\"color: #333333;\">Kegeln<\/span><\/li>\n<li><span style=\"color: #333333;\">Heimatmuseum, heimatkundliche F\u00fchrungen<\/span><\/li>\n<li><span style=\"color: #333333;\">gotische Steinkirche aus dem 13. Jahrhundert<\/span><\/li>\n<li><span style=\"color: #333333;\">zahlreiche Restaurants, Caf\u00e9s<\/span><\/li>\n<li><span style=\"color: #333333;\">kulturelle Angebote wie: Konzerte, Lesungen, Kleinkunst, Theater, Ausstellungen in der K\u00f6stersch\u00fcn<\/span><\/li>\n<li><span style=\"color: #333333;\">Einkaufsm\u00f6glichkeiten<\/span><\/li>\n<li><span style=\"color: #333333;\">Dienstleistungen (Bank, Sparkasse, Post, Arzt, Apotheke, usw.)<\/span><\/li>\n<li><span style=\"color: #333333;\">Busverbindungen<\/span><\/li>\n<li><span style=\"color: #333333;\">Kurverwaltung<\/span><\/li>\n<li><span style=\"color: #333333;\">Bibliothek<\/span><\/li>\n<li><span style=\"color: #333333;\">Fahrradverleih<\/span><\/li>\n<li><span style=\"color: #333333;\">f\u00fcr Kinder: <a href=\"http:\/\/www.ostsee-kinder-land.de\">www.ostsee-kinder-land.de<\/a><\/span><\/li>\n<\/ul>\n<p><span style=\"color: #333333;\"><a href=\"http:\/\/www.ostsee-ferien-rerik.de\/?attachment_id=225\" rel=\"attachment wp-att-225\"><span style=\"color: #333333;\"><img decoding=\"async\" loading=\"lazy\" class=\"alignnone size-medium wp-image-225\" title=\"Wander- und Fahrradweg\" src=\"http:\/\/www.ostsee-ferien-rerik.de\/wp-content\/uploads\/Wander-und-Fahrradweg-225x300.jpg\" alt=\"\" width=\"225\" height=\"300\" srcset=\"http:\/\/www.ostsee-ferien-rerik.de\/wp-content\/uploads\/Wander-und-Fahrradweg-225x300.jpg 225w, http:\/\/www.ostsee-ferien-rerik.de\/wp-content\/uploads\/Wander-und-Fahrradweg-768x1024.jpg 768w\" sizes=\"(max-width: 225px) 100vw, 225px\" \/><\/span><\/a>\u00a0 Wander- und Fahrradweg im K\u00fcstenw\u00e4ldchen<\/span><\/p>\n<h3><span style=\"color: #333333;\"><strong>ZIELE IN DER NAHEN UMGEBUNG<\/strong><\/span><\/h3>\n<ul>\n<li><span style=\"color: #333333;\">Wanderweg Steilk\u00fcste nach Meschendorf<\/span><\/li>\n<li><span style=\"color: #333333;\">Gro\u00dfsteingr\u00e4ber (Richtung Meschendorf und Kr\u00f6pelin)<\/span><\/li>\n<li><span style=\"color: #333333;\">Hohen Niendorf (Schloss und Reiterhof)<\/span><\/li>\n<li><span style=\"color: #333333;\">Alt Gaarz (Reiterhof und Kutschfahrten)<\/span><\/li>\n<li><span style=\"color: #333333;\">Neubukow ( Windm\u00fchle, Heinrich-Schliemann-Museum)<\/span><\/li>\n<li><span style=\"color: #333333;\">Bastorf (Signalberg mit Leuchturm)<\/span><\/li>\n<li><span style=\"color: #333333;\">K\u00fchlungsborn (Meerwasserschwimmbad)<\/span><\/li>\n<li><span style=\"color: #333333;\">Schmalspur-Dampfeisenbahn &#8222;Molli&#8220; bis Bad Doberan<\/span><\/li>\n<li><span style=\"color: #333333;\">Wittenbeck (Golfplatz)<\/span><\/li>\n<\/ul>\n<p><span style=\"color: #333333;\"><a href=\"http:\/\/www.ostsee-ferien-rerik.de\/?attachment_id=217\" rel=\"attachment wp-att-217\"><span style=\"color: #333333;\"><img decoding=\"async\" loading=\"lazy\" class=\"alignnone size-medium wp-image-217\" title=\"Molli in Bad Doberan\" src=\"http:\/\/www.ostsee-ferien-rerik.de\/wp-content\/uploads\/Molli-in-Bad-Doberan-300x225.jpg\" alt=\"\" width=\"300\" height=\"225\" srcset=\"http:\/\/www.ostsee-ferien-rerik.de\/wp-content\/uploads\/Molli-in-Bad-Doberan-300x225.jpg 300w, http:\/\/www.ostsee-ferien-rerik.de\/wp-content\/uploads\/Molli-in-Bad-Doberan-1024x768.jpg 1024w\" sizes=\"(max-width: 300px) 100vw, 300px\" \/><\/span><\/a>\u00a0&#8222;Molli&#8220; in Bad Doberan<\/span><\/p>\n<h3><span style=\"color: #333333;\"><strong>ZIELE IN DER WEITEREN UMGEBUNG<\/strong><\/span><\/h3>\n<ul>\n<li><span style=\"color: #333333;\">Heiligendamm (\u00e4ltestes Seebad Deutschlands)<\/span><\/li>\n<li><span style=\"color: #333333;\">Bad Doberan (gotisches M\u00fcnster, Galopprennbahn)<\/span><\/li>\n<li><span style=\"color: #333333;\">Hansest\u00e4dte Wismar und Rostock (wundersch\u00f6ne<\/span><br \/>\n<span style=\"color: #333333;\"> Altst\u00e4dte mit maritimem Flair, Hafen)<\/span><\/li>\n<li><span style=\"color: #333333;\">Landeshauptstadt Schwerin (Theater, Museen, Schloss,<\/span><br \/>\n<span style=\"color: #333333;\"> Dom, viele Seen)<\/span><\/li>\n<li><span style=\"color: #333333;\">Warnem\u00fcnde (Mole, Leuchtturm, Hafen)<\/span><\/li>\n<li><span style=\"color: #333333;\">G\u00fcstrow (Schloss, Ernst-Barlach-Gedenkst\u00e4tte)<\/span><\/li>\n<li><span style=\"color: #333333;\">Insel Poel (romantischer alter Fischerhafen,<\/span><br \/>\n<span style=\"color: #333333;\"> Vogelschutzinsel Langenwerder)<\/span><\/li>\n<\/ul>\n","protected":false},"excerpt":{"rendered":"<p>\u00a0 \u00a0\u00a0\u00a0\u00a0\u00a0 Steinkirche aus dem 13. Jhd.\u00a0\u00a0\u00a0\u00a0\u00a0\u00a0\u00a0\u00a0\u00a0\u00a0\u00a0\u00a0\u00a0 \u00a0\u00a0\u00a0Yachthafen am Salzhaff Rerik ist ein Ort mit d\u00f6rflichen Strukturen,\u00a0der sich seinen einzigartigen Reiz erhalten hat. Die besondere Lage zwischen Ostsee und Salzhaff, ums\u00e4umt von der wildromatischen Steilk\u00fcste und Salzwiesen, eingebettet in eiszeitliche H\u00fcgelketten, bietet reichlich Abwechslung. Erleben Sie Ihren Urlaub in einer intakten Natur, beim Baden (Textil,- [&hellip;]<\/p>\n","protected":false},"author":1,"featured_media":0,"parent":0,"menu_order":0,"comment_status":"closed","ping_status":"closed","template":"onecolumn-page.php","meta":{"footnotes":""},"_links":{"self":[{"href":"http:\/\/www.ostsee-ferien-rerik.de\/index.php?rest_route=\/wp\/v2\/pages\/59"}],"collection":[{"href":"http:\/\/www.ostsee-ferien-rerik.de\/index.php?rest_route=\/wp\/v2\/pages"}],"about":[{"href":"http:\/\/www.ostsee-ferien-rerik.de\/index.php?rest_route=\/wp\/v2\/types\/page"}],"author":[{"embeddable":true,"href":"http:\/\/www.ostsee-ferien-rerik.de\/index.php?rest_route=\/wp\/v2\/users\/1"}],"replies":[{"embeddable":true,"href":"http:\/\/www.ostsee-ferien-rerik.de\/index.php?rest_route=%2Fwp%2Fv2%2Fcomments&post=59"}],"version-history":[{"count":27,"href":"http:\/\/www.ostsee-ferien-rerik.de\/index.php?rest_route=\/wp\/v2\/pages\/59\/revisions"}],"predecessor-version":[{"id":535,"href":"http:\/\/www.ostsee-ferien-rerik.de\/index.php?rest_route=\/wp\/v2\/pages\/59\/revisions\/535"}],"wp:attachment":[{"href":"http:\/\/www.ostsee-ferien-rerik.de\/index.php?rest_route=%2Fwp%2Fv2%2Fmedia&parent=59"}],"curies":[{"name":"wp","href":"https:\/\/api.w.org\/{rel}","templated":true}]}}