{"id":218,"date":"2012-11-25T14:58:49","date_gmt":"2012-11-25T12:58:49","guid":{"rendered":"http:\/\/www.ostsee-ferien-rerik.de\/wp-content\/uploads\/Neptun-l\u00e4sst-Gr\u00fc\u00dfen.jpg"},"modified":"2012-11-25T14:58:49","modified_gmt":"2012-11-25T12:58:49","slug":"neptun-lasst-grusen","status":"inherit","type":"attachment","link":"http:\/\/www.ostsee-ferien-rerik.de\/?attachment_id=218","title":{"rendered":"Neptun l\u00e4sst Gr\u00fc\u00dfen"},"author":1,"comment_status":"closed","ping_status":"closed","template":"","meta":[],"description":{"rendered":"<p class=\"attachment\"><a href='http:\/\/www.ostsee-ferien-rerik.de\/wp-content\/uploads\/Neptun-l\u00e4sst-Gr\u00fc\u00dfen.jpg'><img loading=\"lazy\" width=\"225\" height=\"300\" src=\"http:\/\/www.ostsee-ferien-rerik.de\/wp-content\/uploads\/Neptun-l\u00e4sst-Gr\u00fc\u00dfen-225x300.jpg\" class=\"attachment-medium size-medium\" alt=\"\" decoding=\"async\" srcset=\"http:\/\/www.ostsee-ferien-rerik.de\/wp-content\/uploads\/Neptun-l\u00e4sst-Gr\u00fc\u00dfen-225x300.jpg 225w, http:\/\/www.ostsee-ferien-rerik.de\/wp-content\/uploads\/Neptun-l\u00e4sst-Gr\u00fc\u00dfen-768x1024.jpg 768w\" sizes=\"(max-width: 225px) 100vw, 225px\" \/><\/a><\/p>\n"},"caption":{"rendered":""},"alt_text":"","media_type":"image","mime_type":"image\/jpeg","media_details":{"width":"2448","height":"3264","hwstring_small":"height='96' width='72'","file":"Neptun-l\u00e4sst-Gr\u00fc\u00dfen.jpg","sizes":{"thumbnail":{"file":"Neptun-l\u00e4sst-Gr\u00fc\u00dfen-150x150.jpg","width":"150","height":"150","source_url":"http:\/\/www.ostsee-ferien-rerik.de\/wp-content\/uploads\/Neptun-l\u00e4sst-Gr\u00fc\u00dfen-150x150.jpg"},"medium":{"file":"Neptun-l\u00e4sst-Gr\u00fc\u00dfen-225x300.jpg","width":"225","height":"300","source_url":"http:\/\/www.ostsee-ferien-rerik.de\/wp-content\/uploads\/Neptun-l\u00e4sst-Gr\u00fc\u00dfen-225x300.jpg"},"large":{"file":"Neptun-l\u00e4sst-Gr\u00fc\u00dfen-768x1024.jpg","width":"768","height":"1024","source_url":"http:\/\/www.ostsee-ferien-rerik.de\/wp-content\/uploads\/Neptun-l\u00e4sst-Gr\u00fc\u00dfen-768x1024.jpg"},"post-thumbnail":{"file":"Neptun-l\u00e4sst-Gr\u00fc\u00dfen-940x198.jpg","width":"940","height":"198","source_url":"http:\/\/www.ostsee-ferien-rerik.de\/wp-content\/uploads\/Neptun-l\u00e4sst-Gr\u00fc\u00dfen-940x198.jpg"},"full":{"file":"Neptun-l\u00e4sst-Gr\u00fc\u00dfen.jpg","width":2448,"height":3264,"mime_type":"image\/jpeg","source_url":"http:\/\/www.ostsee-ferien-rerik.de\/wp-content\/uploads\/Neptun-l\u00e4sst-Gr\u00fc\u00dfen.jpg"}},"image_meta":{"aperture":"2.65","credit":"","camera":"GT-I9100","caption":"","created_timestamp":"1348405253","copyright":"","focal_length":"3.97","iso":"40","shutter_speed":"0.00065789473684211","title":""}},"post":59,"source_url":"http:\/\/www.ostsee-ferien-rerik.de\/wp-content\/uploads\/Neptun-l\u00e4sst-Gr\u00fc\u00dfen.jpg","_links":{"self":[{"href":"http:\/\/www.ostsee-ferien-rerik.de\/index.php?rest_route=\/wp\/v2\/media\/218"}],"collection":[{"href":"http:\/\/www.ostsee-ferien-rerik.de\/index.php?rest_route=\/wp\/v2\/media"}],"about":[{"href":"http:\/\/www.ostsee-ferien-rerik.de\/index.php?rest_route=\/wp\/v2\/types\/attachment"}],"author":[{"embeddable":true,"href":"http:\/\/www.ostsee-ferien-rerik.de\/index.php?rest_route=\/wp\/v2\/users\/1"}],"replies":[{"embeddable":true,"href":"http:\/\/www.ostsee-ferien-rerik.de\/index.php?rest_route=%2Fwp%2Fv2%2Fcomments&post=218"}]}}

http://www.ostsee-ferien-rerik.de/wp-content/uploads/Neptun-lässt-Grüßen.jpg

Neptun lässt Grüßen

<p class="attachment"><a href='http://www.ostsee-ferien-rerik.de/wp-content/uploads/Neptun-lässt-Grüßen.jpg'><img loading="lazy" width="225" height="300" src="http://www.ostsee-ferien-rerik.de/wp-content/uploads/Neptun-lässt-Grüßen-225x300.jpg" class="attachment-medium size-medium" alt="" decoding="async" srcset="http://www.ostsee-ferien-rerik.de/wp-content/uploads/Neptun-lässt-Grüßen-225x300.jpg 225w, http://www.ostsee-ferien-rerik.de/wp-content/uploads/Neptun-lässt-Grüßen-768x1024.jpg 768w" sizes="(max-width: 225px) 100vw, 225px" /></a></p>

Neptun-lässt-Grüßen.jpg

Neptun-lässt-Grüßen-150x150.jpg

http://www.ostsee-ferien-rerik.de/wp-content/uploads/Neptun-lässt-Grüßen-150x150.jpg

Neptun-lässt-Grüßen-225x300.jpg

http://www.ostsee-ferien-rerik.de/wp-content/uploads/Neptun-lässt-Grüßen-225x300.jpg

Neptun-lässt-Grüßen-768x1024.jpg

http://www.ostsee-ferien-rerik.de/wp-content/uploads/Neptun-lässt-Grüßen-768x1024.jpg

Neptun-lässt-Grüßen-940x198.jpg

http://www.ostsee-ferien-rerik.de/wp-content/uploads/Neptun-lässt-Grüßen-940x198.jpg
